 a factor of 330709468?
False
Does 6 divide 6098102?
False
Is 127899832 a multiple of 45?
False
Is 6019392987 a multiple of 6576?
False
Is 42 a factor of 251340?
False
Does 91 divide 1592200094?
False
Is 746991034 a multiple of 7274?
False
Does 9 divide 555839811?
True
Is 41 a factor of 3623944?
False
Does 1251 divide 31310028?
True
Is 47 a factor of 491624390?
False
Is 47 a factor of 343153345?
True
Does 448 divide 876065344?
True
Does 56 divide 548166465?
False
Does 125 divide 369116293?
False
Is 3382187549 a multiple of 247?
True
Does 8 divide 109075240?
True
Does 38 divide 43664280?
True
Does 823 divide 70930900?
False
Is 747 a factor of 991708236?
True
Does 15 divide 4704836?
False
Is 121 a factor of 516563762?
True
Does 509 divide 12256720?
True
Does 1567 divide 161288176?
True
Does 5616 divide 180283265?
False
Is 299 a factor of 15526156?
False
Is 164282781 a multiple of 1328?
False
Does 1051 divide 17130249?
True
Is 986 a factor of 46711795?
False
Is 864 a factor of 914387616?
True
Is 315640340 a multiple of 11?
False
Is 20 a factor of 75096120?
True
Is 92 a factor of 14125956?
True
Is 22587072 a multiple of 64?
True
Is 13092442 a multiple of 173?
False
Is 70 a factor of 331100?
True
Is 58 a factor of 2667362?
True
Does 36 divide 866840684?
False
Does 54 divide 416079152?
False
Is 539943446 a multiple of 322?
True
Is 88430640 a multiple of 16?
True
Is 30959049 a multiple of 1023?
True
Is 27443743 a multiple of 9?
False
Is 16171 a factor of 3732644460?
False
Is 47717481 a multiple of 99?
False
Does 7 divide 143341534?
True
Is 84849797 a multiple of 32?
False
Is 166598712 a multiple of 970?
False
Does 6 divide 23681148?
True
Is 338594277 a multiple of 4886?
False
Does 29 divide 1089619610?
True
Is 2637 a factor of 92869866?
True
Is 97084090 a multiple of 11?
False
Is 193 a factor of 50643391?
False
Is 28 a factor of 86089108?
True
Is 133 a factor of 44177977?
False
Is 6615 a factor of 4228354305?
True
Is 4 a factor of 288161476?
True
Does 830 divide 1502968906?
False
Does 7 divide 15212302?
True
Is 25092773 a multiple of 22?
False
Does 8 divide 12887510?
False
Does 2 divide 14381426?
True
Is 12 a factor of 85052814?
False
Does 9 divide 23997805?
False
Is 304 a factor of 60732310?
False
Is 3581642277 a multiple of 113?
False
Is 1815 a factor of 10882740?
True
Is 1128465285 a multiple of 46?
False
Is 711354600 a multiple of 106?
False
Is 89 a factor of 12862248?
False
Is 19944312 a multiple of 23?
True
Is 1804604725 a multiple of 11?
True
Does 1906 divide 36294655?
False
Is 320 a factor of 25255267?
False
Does 337 divide 69227221?
False
Is 330955965 a multiple of 17?
False
Does 1823 divide 11081907?
False
Is 2 a factor of 580924?
True
Is 76724868 a multiple of 47?
True
Is 1024 a factor of 226727104?
False
Is 54181015 a multiple of 91?
False
Is 541197008 a multiple of 3883?
True
Does 244 divide 381504383?
False
Is 13287588 a multiple of 2344?
False
Is 32 a factor of 1406603616?
True
Is 114457243 a multiple of 629?
True
Is 200 a factor of 221406000?
True
Does 86 divide 23154231?
False
Is 8402721 a multiple of 3?
True
Does 119 divide 278630324?
False
Is 2378518 a multiple of 3?
False
Is 1550501436 a multiple of 2266?
True
Does 17 divide 74480553?
True
Is 34934894 a multiple of 18?
False
Does 14 divide 11265338?
True
Does 2046 divide 36068934?
True
Does 130 divide 21804380?
True
Is 3516 a factor of 180799752?
True
Does 4453 divide 3676950017?
False
Is 17309713 a multiple of 177?
False
Is 2877620592 a multiple of 231?
True
Does 882 divide 527369984?
False
Does 367 divide 121591504?
True
Is 52 a factor of 781506908?
True
Is 95 a factor of 84352305?
True
Is 42 a factor of 11494838?
False
Is 495 a factor of 37083575?
False
Is 10 a factor of 24170235?
False
Is 20106973 a multiple of 7?
False
Is 34359327 a multiple of 9?
True
Is 753939 a multiple of 19?
True
Does 4033 divide 140271817?
False
Is 2842354750 a multiple of 125?
True
Does 3335 divide 46963470?
True
Does 61 divide 31168011?
True
Does 8710 divide 779810953?
False
Is 13 a factor of 550042176?
False
Does 1389 divide 21115077?
False
Is 383635833 a multiple of 3979?
False
Is 27468108 a multiple of 302?
True
Is 411 a factor of 337308392?
False
Does 2 divide 19231034?
True
Is 17 a factor of 1863461839?
False
Does 34 divide 545495314?
False
Does 2030 divide 2523290?
True
Is 144271329 a multiple of 3?
True
Is 2267 a factor of 629722726?
True
Is 120013652 a multiple of 89?
True
Is 90 a factor of 79854328?
False
Does 124 divide 7779439956?
True
Is 2551285 a multiple of 64?
False
Is 131705538 a multiple of 268?
False
Does 61 divide 29525159?
True
Is 460 a factor of 88952960?
True
Is 304305758 a multiple of 6?
False
Is 217 a factor of 651388536?
False
Does 1511 divide 1115309897?
True
Is 278 a factor of 298981630?
False
Is 4504836 a multiple of 42?
True
Is 24 a factor of 14766361?
False
Is 11 a factor of 8373836?
False
Does 3 divide 3085951?
False
Is 381 a factor of 9255230?
False
Does 30 divide 38165489?
False
Is 97289254 a multiple of 503?
True
Does 442 divide 120748383?
False
Does 172 divide 77769972?
True
Does 256 divide 14988619?
False
Is 336742294 a multiple of 118?
False
Does 545 divide 210135650?
True
Does 4702 divide 81344600?
True
Is 27 a factor of 541005873?
False
Is 1471 a factor of 422677140?
True
Is 708727126 a multiple of 298?
False
Does 9 divide 742739895?
True
Is 101265219 a multiple of 70?
False
Does 18 divide 83276838?
True
Is 3383039304 a multiple of 3001?
True
Is 105 a factor of 4853100?
True
Does 10 divide 55019610?
True
Is 21 a factor of 14434959?
True
Does 162 divide 1596510?
True
Is 73347715 a multiple of 289?
False
Is 513 a factor of 21264876?
True
Does 46 divide 4601639?
False
Is 61948594 a multiple of 31?
False
Is 896853432 a multiple of 29?
False
Is 24 a factor of 424586304?
True
Is 5576975952 a multiple of 681?
True
Does 218 divide 68691800?
True
Is 2438 a factor of 329839870?
False
Is 702 a factor of 820672398?
True
Is 22 a factor of 7278282?
True
Is 82 a factor of 6237129?
False
Does 232 divide 32331752?
True
Is 96 a factor of 297829925?
False
Is 1488175979 a multiple of 3303?
False
Is 15 a factor of 78753780?
True
Is 27336818 a multiple of 1249?
False
Is 21854483 a multiple of 4?
False
Does 47 divide 12047213?
False
Is 111 a factor of 2057973189?
True
Does 53 divide 5316224?
False
Is 416 a factor of 604274680?
False
Is 29 a factor of 21616020?
True
Is 73600368 a multiple of 1104?
True
Does 202 divide 16560167?
False
Does 129 divide 230355429?
True
Does 1235 divide 175062485?
True
Is 74709340 a multiple of 20?
True
Is 5292727 a multiple of 62?
False
Does 5 divide 24627040?
True
Is 550 a factor of 15866901?
False
Is 8692060 a multiple of 130?
True
Is 8083282 a multiple of 106?
False
Is 14 a factor of 33893146?
True
Is 131396275 a multiple of 53?
True
Does 12 divide 55900272?
True
Does 4 divide 176040023?
False
Does 434 divide 5573761610?
False
Is 134 a factor of 40295176?
False
Does 11 divide 17688414?
False
Does 75 divide 649852200?
True
Does 152 divide 311289622?
False
Is 143 a factor of 60689915?
True
Is 435071900 a multiple of 236?
True
Is 1133748770 a multiple of 3413?
False
Is 36811944 a multiple of 804?
True
Is 69319758 a multiple of 2?
True
Is 5 a factor of 5400603?
False
Is 1182316 a multiple of 579?
False
Is 36150443 a multiple of 60?
False
Does 378 divide 30457350?
True
Is 1080027888 a multiple of 3685?
False
Does 22 divide 191397103?
False
Does 3323 divide 108080575?
True
Is 89 a factor of 2106435713?
True
Is 11 a factor of 11779052?
False
Is 8 a factor of 73036808?
True
Does 287 divide 5062106?
True
Is 47590484 a multiple of 1631?
False
Does 6 divide 406858688?
False
Is 103 a factor of 196353348?
False
Is 465878378 a multiple of 686?
True
Is 3 a factor of 1175172?
True
Does 16 divide 20455232?
True
Is 211 a factor of 59844110?
False
Is 32 a factor of 1689300576?
True
Does 5 divide 21483333?
False
Does 26 divide 38069777?
False
Does 145 divide 377610885?
True
Does 5 divide 57232750?
True
Does 145 divide 166659375?
True
Is 5 a factor of 21441398?
False
Does 252 divide 1549375884?
True
Is 429 a factor of 69712929?
True
Does 109 divide 81277399?
False
Is 8 a factor of 1879168392?
True
Is 12373872 a multiple of 98?
True
Is 2 a factor of 1277037?
False
Is 19 